s 35116215 (base 7) in base 8?
13600072
Convert -547251 (base 10) to base 9.
-1023616
126ac3 (base 15) to base 5
211231213
What is 1251772 (base 10) in base 11?
785525
Convert 14143113 (base 5) to base 2.
100011110011100010
1c717 (base 13) to base 6
1111504
What is 320711 (base 12) in base 3?
1111002021211
-43424035 (base 6) to base 2
-100111011111111010111
What is -35f4f (base 16) in base 14?
-5a783
1074 (base 16) to base 10
4212
What is 100000002222 (base 3) in base 15?
377a2
Convert 18655 (base 9) to base 3.
122201212
What is -113213020 (base 4) in base 14?
-27360
What is 234142 (base 5) in base 8?
20740
Convert -881071 (base 10) to base 7.
-10326502
-3544 (base 14) to base 4
-2100320
What is -37b37 (base 12) in base 3?
-10212011021
What is -1334222014 (base 5) in base 4?
-31011110002
What is 1024324014 (base 5) in base 13?
5b582a
-10534484 (base 9) to base 8
-23353235
What is 6003028 (base 9) in base 14?
5d0bc7
Convert 149828 (base 11) to base 16.
38c90
Convert -7b998 (base 13) to base 8.
-670714
Convert -1110011110121 (base 3) to base 11.
-487202
2213311320 (base 4) to base 2
10100111110101111000
Convert 77a90 (base 12) to base 9.
261740
What is -10013031213 (base 4) in base 16?
-107367
-40045541 (base 6) to base 15
-173a5d
10404021 (base 5) to base 7
526463
What is 572d1e (base 16) in base 13?
12505a7
What is -48124 (base 10) in base 9?
-73011
What is -1a572 (base 14) in base 12?
-328a0
11010001101011 (base 2) to base 14
4c67
Convert -12412701 (base 8) to base 5.
-1201224311
What is -42434343 (base 5) in base 11?
-225572
Convert 7521bd (base 14) to base 7.
45453026
Convert 1264110 (base 10) to base 13.
3534c3
22126 (base 14) to base 7
462446
-22517605 (base 9) to base 8
-51557634
-102033322 (base 5) to base 13
-11b119
Convert 602398 (base 11) to base 16.
ecade
-3140505 (base 6) to base 7
-1205252
7300115 (base 11) to base 14
19d55b3
3848 (base 9) to base 16
b3f
20011000202 (base 3) to base 14
32174
-141311321 (base 5) to base 15
-e5ec6
Convert -2552aa (base 11) to base 10.
-402324
What is 1d580 (base 16) in base 15?
2592c
-225230533 (base 6) to base 3
-21211221221110
Convert -b6478a (base 12) to base 14.
-549ab0
421a3 (base 15) to base 7
1532106
Convert 13023321233 (base 4) to base 9.
3481025
63310665 (base 7) to base 12
195a660
Convert -56075 (base 14) to base 6.
-4245543
100001011101012 (base 3) to base 2
10010010101010011010011
20010100202200 (base 3) to base 10
3254814
-280641 (base 14) to base 3
-2121022210000
What is -377136 (base 8) in base 16?
-1fe5e
-52102316 (base 7) to base 14
-81ab46
43430001 (base 5) to base 10
373751
60b4 (base 13) to base 14
4c01
What is -2014c5 (base 13) in base 10?
-745620
What is 90674 (base 16) in base 4?
2100121310
What is 94907 (base 10) in base 3?
11211012002
What is 2022002201 (base 3) in base 5?
2422041
Convert -701330 (base 10) to base 14.
-143830
What is -13365 (base 14) in base 2?
-1011100011011101
Convert 100010111100111110110101 (base 2) to base 8.
42747665
What is -2210200103 (base 4) in base 14?
-1377b5
24643 (base 16) to base 2
100100011001000011
-503122421 (base 6) to base 2
-100000100111001010001101
1320201 (base 4) to base 10
7713
303804 (base 10) to base 3
120102202000
1015a (base 11) to base 2
11100111101011
What is -1ab30c (base 13) in base 9?
-1247861
What is -1732951 (base 11) in base 3?
-12112201001010
-701a27 (base 12) to base 15
-24709d
What is -121344433 (base 6) in base 7?
-25453161
What is -4616024 (base 7) in base 4?
-2030212223
What is -30102 (base 9) in base 10?
-19766
1101011101110011 (base 2) to base 4
31131303
-61223 (base 13) to base 5
-21031210
162945 (base 12) to base 13
103100
Convert 762467 (base 9) to base 6.
13424224
Convert -2334243 (base 5) to base 6.
-531225
Convert 623164 (base 8) to base 16.
32674
What is 18a295 (base 11) in base 10?
291835
Convert 432321133 (base 6) to base 15.
a19d6c
111000111011000000101 (base 2) to base 14
367a61
b1c97 (base 15) to base 10
563092
Convert -30130201233 (base 4) to base 7.
-36505611
What is 8934107 (base 10) in base 14?
1287c27
Convert 2507347 (base 8) to base 11.
43295a
What is -29284c (base 16) in base 6?
-133451244
-22541 (base 12) to base 16
-b281
What is -20022110011 (base 3) in base 12?
-5baaa
891b (base 12) to base 15
4748
What is 332311 (base 7) in base 6?
1130401
Convert 9a16a (base 14) to base 3.
200222022101
101022200011 (base 3) to base 12
99694
What is -10201100011 (base 3) in base 10?
-73147
Convert -5422245 (base 8) to base 7.
-15222553
What is 1101010111110000111000 (base 2) in base 7?
41536160
Convert 2240258 (base 10) to base 8.
10427402
Convert -3733427 (base 10) to base 5.
-1423432202
-155b82 (base 14) to base 9
-1356151
Convert -454a75 (base 15) to base 12.
-1135585
Convert 2c19b2 (base 14) to base 12.
623b60
Convert 20212112002 (base 3) to base 13.
49736
10032145 (base 6) to base 5
33044241
35a6a1 (base 13) to base 11
7a4594
-1da383 (base 14) to base 15
-160a00
2b8526 (base 12) to base 9
1347483
What is 42797 (base 11) in base 8?
171343
What is -34a9355 (base 12) in base 13?
-2154113
What is -101598 (base 10) in base 9?
-164326
23014443 (base 6) to base 12
29a423
What is 1001010100001011101100 (base 2) in base 5?
1111120324
267aa7b (base 12) to base 15
a0a652
Convert -54513 (base 10) to base 5.
-3221023
14034521 (base 7) to base 12
52a052
Convert 20034542 (base 6) to base 7.
4541510
758606 (base 9) to base 7
3563106
Convert 763171 (base 8) to base 7.
2113134
What is 1bf1 (base 16) in base 14?
286d
Convert -1315330 (base 6) to base 16.
-11b26
7847b (base 15) to base 7
3151562
Convert 31313440 (base 5) to base 15.
522b5
What is -2033320102 (base 4) in base 11?
-372855
What is 446114 (base 9) in base 5?
32020113
Convert 1960a22 (base 14) to base 9.
25637258
-cb1e (base 16) to base 15
-10618
202110211111122 (base 3) to base 5
10241201142
-1623c96 (base 14) to base 5
-10234002103
What is -736706 (base 8) in base 7?
-2040561
-1cc50 (base 16) to base 3
-12222122110
Convert -16aa552 (base 11) to base 4.
-23003211021
1510843 (base 9) to base 6
25512450
Convert -17447537 (base 8) to base 4.
-33210331133
30471 (base 9) to base 3
1000112101
-133353 (base 8) to base 14
-130cb
Convert -353959 (base 11) to base 16.
-89160
Convert -156a (base 14) to base 7.
-14063
What is 5aba8 (base 15) in base 5?
33231013
What is -10630626 (base 7) in base 3?
-1202100022220
Convert -10223003110 (base 4) to base 5.
-303144131
665130 (base 7) to base 5
12221113
ed877 (base 15) to base 14
158d97
Convert 426102 (base 9) to base 7.
2104604
What is -65848 (base 10) in base 11?
-45522
Convert -1631752 (base 13) to base 15.
-9619b7
What is -5112403 (base 6) in base 2?
-111011010011110011
What is 5612023 (base 7) in base 13?
1b30a6
816b0 (base 13) to base 3
102210000202
Convert 1144212200 (base 5) to base 15.
38ca35
What is -72511 (base 13) in base 7?
-1513123
Convert -21202011110 (base 3) to base 15.
-302a6
30312032 (base 4) to base 10
52622
What is -3333221033 (base 4) in base 2?
-11111111101001001111
Convert 1149583 (base 11) to base 14.
3a23a3
Convert 42254626 (base 7) to base 11.
2023314
Convert -268961 (base 11) to base 16.
-66f78
Convert 1ca9d (base 15) to base 10.
93523
Convert -49264 (base 13) to base 2.
-100000110100100101
-23343022 (base 8) to base 14
-9696dc
Convert -394526 (base 10) to base 12.
-170392
Convert 10100011001000001010111 (base 2) to base 16.
519057
-11023424 (base 5) to base 6
-2014025
Convert -222779 (base 11) to base 14.
-93519
Convert -16836b0 (base 14) to base 16.
-a8f75a
75b15 (base 13) to base 11
135965
Convert -21222111110 (base 3) to base 6.
-3211150
6098a2 (base 11) to base 7
11216202
1a2180 (base 11) to base 14
81148
-831465 (base 9) to base 10
-493187
What is -180174 (base 9) in base 12?
-54771
a3987a (base 12) to base 11
14a3963
Convert 150120235 (base 7) to base 13.
208a104
350462 (base 11) to base 16
87f6e
Convert 1303110 (base 6) to base 4.
101100102
What is 48764 (base 12) in base 11?
67577
What is 1020022212211000 (base 3) in base 11?
9aa8632
What is 2473453 (base 10) in base 6?
125003101
What is 2011010121 (base 3) in base 15?
c854
Convert 1323124 (base 7) to base 4.
222132100
What is -2960 (base 12) in base 2?
-1001011011000
158a769 (base 11) to base 9
5076824
What is 3134054 (base 6) in base